e the highest common divisor of 8523 and 216.
9
Calculate the highest common factor of 1407 and 128506.
469
Calculate the highest common divisor of 14104 and 1849.
43
What is the greatest common divisor of 40 and 8035?
5
What is the greatest common divisor of 13395 and 17910?
15
Calculate the greatest common divisor of 990288 and 832.
208
Calculate the highest common divisor of 21566 and 8.
2
Calculate the greatest common divisor of 1022 and 23652.
146
What is the greatest common divisor of 1482 and 126540?
114
What is the greatest common factor of 5349 and 2146732?
1783
What is the greatest common factor of 64611 and 513?
27
Calculate the highest common factor of 340294 and 19318.
1486
What is the highest common divisor of 19208 and 32?
8
What is the highest common factor of 2747 and 5412?
41
Calculate the highest common factor of 12 and 1142556.
12
Calculate the highest common divisor of 86 and 57792.
86
Calculate the greatest common divisor of 6253 and 1443.
481
Calculate the greatest common factor of 16 and 731100.
4
Calculate the highest common divisor of 90048 and 142107.
1407
What is the highest common divisor of 26151 and 621?
69
Calculate the greatest common factor of 110973 and 16151.
521
Calculate the greatest common factor of 6 and 49821.
3
Calculate the greatest common divisor of 63213 and 171.
57
Calculate the highest common factor of 16 and 55096.
8
What is the greatest common factor of 1056 and 60000?
96
What is the highest common factor of 246018 and 56592?
786
What is the greatest common divisor of 1173 and 4359?
3
What is the greatest common divisor of 5503 and 13?
1
What is the highest common factor of 2331 and 7511?
259
What is the greatest common divisor of 156 and 641316?
156
Calculate the greatest common factor of 61720 and 310.
10
Calculate the greatest common factor of 10266 and 294.
6
Calculate the highest common divisor of 19 and 13376.
19
What is the greatest common divisor of 1005852 and 4796?
436
What is the greatest common divisor of 9800 and 3200?
200
What is the highest common divisor of 425 and 53275?
25
Calculate the highest common factor of 196636 and 2255.
451
What is the highest common factor of 54 and 18441?
27
Calculate the highest common factor of 5507978 and 7928.
1982
Calculate the greatest common factor of 4901 and 957.
29
Calculate the greatest common divisor of 88057 and 11072.
173
What is the greatest common factor of 16 and 354544?
16
Calculate the greatest common divisor of 556 and 278000.
556
Calculate the greatest common divisor of 513 and 6593.
19
Calculate the highest common divisor of 612 and 13050.
18
What is the greatest common factor of 365 and 22557?
73
What is the highest common divisor of 16514 and 1242?
46
Calculate the highest common divisor of 208 and 129896.
104
Calculate the highest common divisor of 1345 and 2325.
5
Calculate the greatest common factor of 201348 and 4998.
714
Calculate the highest common factor of 74568 and 169.
13
What is the greatest common factor of 81907 and 21?
7
Calculate the greatest common divisor of 928 and 1632.
32
Calculate the greatest common divisor of 4509 and 313459.
167
Calculate the highest common factor of 82449 and 18.
9
Calculate the highest common divisor of 28 and 815374.
14
What is the greatest common factor of 11876 and 1884?
4
Calculate the greatest common divisor of 2936 and 6.
2
What is the greatest common factor of 144 and 25548?
12
What is the highest common divisor of 1695 and 105429?
339
Calculate the greatest common factor of 4041 and 131108.
449
What is the highest common divisor of 1524 and 63500?
508
Calculate the highest common factor of 14755 and 585.
65
Calculate the highest common factor of 28449 and 522.
261
Calculate the highest common factor of 858502 and 94.
94
What is the highest common factor of 1170 and 255294?
234
Calculate the greatest common factor of 1231867 and 65.
13
What is the highest common factor of 123967 and 583?
53
Calculate the highest common factor of 3393 and 936.
117
What is the greatest common divisor of 17046 and 4734?
18
What is the highest common divisor of 1657 and 2?
1
What is the highest common factor of 11241 and 369?
9
What is the greatest common factor of 29465 and 12780?
355
Calculate the greatest common factor of 8582034 and 114.
114
Calculate the highest common factor of 387 and 385237.
43
What is the highest common divisor of 23383 and 20242?
349
What is the highest common factor of 75633 and 408?
51
What is the greatest common factor of 18455 and 215?
5
Calculate the highest common divisor of 672 and 11268.
12
What is the highest common factor of 12578 and 266?
38
What is the greatest common factor of 189 and 1505?
7
What is the greatest common divisor of 6 and 2608986?
6
What is the highest common factor of 66 and 77781?
33
What is the greatest common divisor of 56 and 12362?
14
What is the highest common factor of 122 and 8357?
61
Calculate the greatest common divisor of 3604 and 9116.
212
What is the highest common factor of 62 and 77159?
31
Calculate the highest common divisor of 2059 and 43736.
71
Calculate the highest common factor of 304 and 40375.
19
Calculate the greatest common divisor of 13662 and 561.
33
What is the greatest common factor of 94534 and 220?
22
Calculate the highest common divisor of 179276 and 10.
2
What is the greatest common factor of 92 and 763922?
46
What is the greatest common factor of 8284 and 28340?
436
What is the highest common factor of 38408 and 192?
8
What is the greatest common divisor of 18625 and 2375?
125
Calculate the highest common factor of 352 and 80.
16
Calculate the greatest common factor of 49 and 29001.
7
Calculate the greatest common factor of 228456 and 380.
76
What is the highest common factor of 155 and 547615?
155
Calculate the highest common factor of 209 and 5624.
19
What is the greatest common divisor of 174 and 42514?
58
Calculate the highest common factor of 2850490 and 10.
10
What is the greatest common factor of 176512 and 56?
56
What is the greatest common divisor of 12695715 and 45?
45
Calculate the greatest common divisor of 18 and 311238.
18
Calculate the highest common factor of 41960 and 216094.
2098
What is the greatest common divisor of 27118 and 5026?
14
Calculate the greatest common factor of 11753 and 529.
23
Calculate the highest common divisor of 31075 and 54725.
275
What is the highest common factor of 6413 and 781?
11
What is the greatest common divisor of 55892 and 1424?
356
Calculate the highest common divisor of 12 and 635886.
6
Calculate the greatest common divisor of 14049 and 441.
63
What is the highest common divisor of 715 and 62315?
55
What is the highest common divisor of 48 and 1140?
12
What is the greatest common divisor of 110 and 4639910?
110
What is the highest common divisor of 6 and 4714?
2
Calculate the highest common divisor of 63 and 24143.
7
What is the greatest common factor of 6872403 and 51?
51
Calculate the greatest common divisor of 19239 and 104907.
363
Calculate the highest common divisor of 29685001 and 2441.
2441
What is the highest common divisor of 257871 and 258?
129
Calculate the highest common divisor of 25585 and 430.
215
What is the greatest common divisor of 122 and 1499?
1
What is the highest common divisor of 1186102 and 2?
2
Calculate the greatest common factor of 183975 and 297.
33
What is the highest common factor of 39 and 1339?
13
What is the greatest common divisor of 37905 and 3255?
105
Calculate the greatest common factor of 62 and 748929.
31
Calculate the greatest common divisor of 2211 and 52041.
33
Calculate the greatest common factor of 17 and 14190.
1
Calculate the greatest common factor of 2064 and 1119376.
688
Calculate the greatest common divisor of 40 and 7430.
10
Calculate the highest common divisor of 468225 and 1665.
45
What is the greatest common factor of 507 and 5889?
39
What is the highest common factor of 29676 and 84?
12
Calculate the greatest common factor of 416 and 4602.
26
Calculate the greatest common factor of 25278 and 132.
66
What is the greatest common divisor of 4830272 and 1420?
284
Calculate the highest common divisor of 560 and 78640.
80
What is the highest common divisor of 16 and 10828?
4
Calculate the greatest common div